{"id":1636,"date":"2026-01-24T10:02:12","date_gmt":"2026-01-24T09:02:12","guid":{"rendered":"https:\/\/www.sfm-nieder-olm.de\/?page_id=1636"},"modified":"2026-01-24T10:26:32","modified_gmt":"2026-01-24T09:26:32","slug":"unterricht-und-foerderschwerpunkte","status":"publish","type":"page","link":"https:\/\/www.sfm-nieder-olm.de\/?page_id=1636","title":{"rendered":"Unterricht und F\u00f6rderschwerpunkte"},"content":{"rendered":"\n<h3 class=\"wp-block-heading\">F\u00f6rderschwerpunkt Ganzheitliche Entwicklung<\/h3>\n\n\n\n<p>Die Schulbesuchszeit im F\u00f6rderschwerpunkt Ganzheitliche Entwicklung betr\u00e4gt 12 Schuljahre und ist unterteilt in vier Schulstufen: Unter-, Mittel-, Ober- und Werkstufe. Sch\u00fcler dieses Bereiches zeichnen sich durch besonders vielf\u00e4ltige Heterogenit\u00e4t aus.<\/p>\n\n\n\n<p>Die F\u00f6rderplanung und die Unterrichtsgestaltung in den einzelnen Stufen orientieren sich am individuellen Entwicklungsstand und an den Kompetenzen der einzelnen Sch\u00fcler. Dies bedingt die Anpassung der Lernziele aus den Aktivit\u00e4tsbereichen des Lehrplans (Arbeit und Beruf; \u00c4sthetik, Freizeit und Lebensgestaltung; Haushalt; Ich und Andere; Kommunikation; Wahrnehmung und Bewegung, Spiel und Sport; Welterschlie\u00dfung).Unterricht in den Kulturtechniken (Lesen, Schreiben, Erfassen von Mengen und Durchf\u00fchrung von Operationen) werden in unterschiedlichen Lernstufen angeboten. Die Unterrichtsthemen werden im Gesamtunterricht behandelt, das hei\u00dft ein \u00fcbergeordnetes Thema wird unter vielen fachspezifischen Aspekten bearbeitet. Fachunterricht findet haupts\u00e4chlich in den F\u00e4chern Religion, Sport, Schwimmen und Musik statt. Aber auch hier wird das aktuelle \u201eArbeitsthema&#8220; integriert.<\/p>\n\n\n\n<p>Dar\u00fcber hinaus finden klassen\u00fcbergreifende Kurse im Bereich Lesen\/ schreiben und Wahrnehmungsf\u00f6rderung.<\/p>\n\n\n\n<p>Sch\u00fcler mit schwersten und mehrfachen Beeintr\u00e4chtigungen werden zur Sicherung ihrer Grundbed\u00fcrfnisse auf der Grundlage der Basalen Stimulation und Basalen Kommunikation gef\u00f6rdert.<\/p>\n\n\n\n<p><a href=\"https:\/\/lehrplaene.bildung-rp.de\">https:\/\/lehrplaene.bildung-rp.de<\/a> ganzheitliche Entwicklung<\/p>\n\n\n\n<h3 class=\"wp-block-heading\">F\u00f6rderschwerpunkt Lernen<\/h3>\n\n\n\n<p>In der Unterstufe des F\u00f6rderbereichs Lernen steht das Erlernen der Kulturtechniken im Vordergrund. Neben Mathematik, Lesen- und Schreiben lernen stellen Sprech- und Gespr\u00e4chserziehung wichtige Schwerpunkte dar.<\/p>\n\n\n\n<p>Ab Klassenstufe 5 wird Englisch als Klassenarbeitsgemeinschaft angeboten.<\/p>\n\n\n\n<p>In den Klassenstufen 7-9 liegt ein Schwerpunkt der F\u00f6rderung auf dem \u00dcbergang Schule- Beruf.<\/p>\n\n\n\n<p>Die Sch\u00fcler erreichen nach neun Schuljahren die Besondere Berufsreife.<\/p>\n\n\n\n<p><a href=\"https:\/\/lehrplaene.bildung-rp.de.lernen\">https:\/\/lehrplaene.bildung-rp.de.lernen<\/a><\/p>\n","protected":false},"excerpt":{"rendered":"<p>F\u00f6rderschwerpunkt Ganzheitliche Entwicklung Die Schulbesuchszeit im F\u00f6rderschwerpunkt Ganzheitliche Entwicklung betr\u00e4gt 12 Schuljahre und ist unterteilt in vier Schulstufen: Unter-, Mittel-, Ober- und Werkstufe. Sch\u00fcler dieses Bereiches zeichnen sich durch besonders &#8230;<\/p>\n","protected":false},"author":2,"featured_media":0,"parent":0,"menu_order":0,"comment_status":"closed","ping_status":"closed","template":"template-fullwidth.php","meta":{"footnotes":""},"class_list":["post-1636","page","type-page","status-publish","hentry"],"_links":{"self":[{"href":"https:\/\/www.sfm-nieder-olm.de\/index.php?rest_route=\/wp\/v2\/pages\/1636","targetHints":{"allow":["GET"]}}],"collection":[{"href":"https:\/\/www.sfm-nieder-olm.de\/index.php?rest_route=\/wp\/v2\/pages"}],"about":[{"href":"https:\/\/www.sfm-nieder-olm.de\/index.php?rest_route=\/wp\/v2\/types\/page"}],"author":[{"embeddable":true,"href":"https:\/\/www.sfm-nieder-olm.de\/index.php?rest_route=\/wp\/v2\/users\/2"}],"replies":[{"embeddable":true,"href":"https:\/\/www.sfm-nieder-olm.de\/index.php?rest_route=%2Fwp%2Fv2%2Fcomments&post=1636"}],"version-history":[{"count":2,"href":"https:\/\/www.sfm-nieder-olm.de\/index.php?rest_route=\/wp\/v2\/pages\/1636\/revisions"}],"predecessor-version":[{"id":1643,"href":"https:\/\/www.sfm-nieder-olm.de\/index.php?rest_route=\/wp\/v2\/pages\/1636\/revisions\/1643"}],"wp:attachment":[{"href":"https:\/\/www.sfm-nieder-olm.de\/index.php?rest_route=%2Fwp%2Fv2%2Fmedia&parent=1636"}],"curies":[{"name":"wp","href":"https:\/\/api.w.org\/{rel}","templated":true}]}}