{"id":1665,"date":"2026-01-24T11:13:14","date_gmt":"2026-01-24T10:13:14","guid":{"rendered":"https:\/\/www.sfm-nieder-olm.de\/?page_id=1665"},"modified":"2026-01-24T11:52:39","modified_gmt":"2026-01-24T10:52:39","slug":"pflege","status":"publish","type":"page","link":"https:\/\/www.sfm-nieder-olm.de\/?page_id=1665","title":{"rendered":"Pflege"},"content":{"rendered":"\n<p>Die Sicherung von Grundbed\u00fcrfnissen und Pflege ist Teil des ganzheitlichen F\u00f6rderkonzeptes. In unserer Schule werden Pflegehandlungen als kooperativer Prozess verstanden, in dem die Bed\u00fcrfnisse und die Selbstbestimmung der Sch\u00fcler besonders geachtet werden. Krankenschwestern sorgen f\u00fcr eine medizinische Grundpflege; sie unterweisen ggfs. die Kolleg\/innen in der Durchf\u00fchrung der Grundpflege.<br>Die Sch\u00fcler erleben soziale Beziehungen und unterst\u00fctzende Gemeinschaft. Dabei k\u00f6nnen sie Strukturen und Grenzen erfahren, aber ebenso auch Ruhe und Entspannung finden.<br><br>Zur Sicherung ihrer Grundbed\u00fcrfnisse erhalten die Sch\u00fcler:<br>&#8211; individuelle Hilfe und Unterst\u00fctzung bei allt\u00e4glichen Verrichtungen wie K\u00f6rperpflege, Hygiene, Ern\u00e4hrung, An- und Auskleiden.<br>&#8211; medizinische Behandlungspflege (sondieren, katheterisieren, absaugen)<br><\/p>\n","protected":false},"excerpt":{"rendered":"<p>Die Sicherung von Grundbed\u00fcrfnissen und Pflege ist Teil des ganzheitlichen F\u00f6rderkonzeptes. In unserer Schule werden Pflegehandlungen als kooperativer Prozess verstanden, in dem die Bed\u00fcrfnisse und die Selbstbestimmung der Sch\u00fcler besonders &#8230;<\/p>\n","protected":false},"author":2,"featured_media":0,"parent":1636,"menu_order":0,"comment_status":"closed","ping_status":"closed","template":"template-fullwidth.php","meta":{"footnotes":""},"class_list":["post-1665","page","type-page","status-publish","hentry"],"_links":{"self":[{"href":"https:\/\/www.sfm-nieder-olm.de\/index.php?rest_route=\/wp\/v2\/pages\/1665","targetHints":{"allow":["GET"]}}],"collection":[{"href":"https:\/\/www.sfm-nieder-olm.de\/index.php?rest_route=\/wp\/v2\/pages"}],"about":[{"href":"https:\/\/www.sfm-nieder-olm.de\/index.php?rest_route=\/wp\/v2\/types\/page"}],"author":[{"embeddable":true,"href":"https:\/\/www.sfm-nieder-olm.de\/index.php?rest_route=\/wp\/v2\/users\/2"}],"replies":[{"embeddable":true,"href":"https:\/\/www.sfm-nieder-olm.de\/index.php?rest_route=%2Fwp%2Fv2%2Fcomments&post=1665"}],"version-history":[{"count":1,"href":"https:\/\/www.sfm-nieder-olm.de\/index.php?rest_route=\/wp\/v2\/pages\/1665\/revisions"}],"predecessor-version":[{"id":1666,"href":"https:\/\/www.sfm-nieder-olm.de\/index.php?rest_route=\/wp\/v2\/pages\/1665\/revisions\/1666"}],"up":[{"embeddable":true,"href":"https:\/\/www.sfm-nieder-olm.de\/index.php?rest_route=\/wp\/v2\/pages\/1636"}],"wp:attachment":[{"href":"https:\/\/www.sfm-nieder-olm.de\/index.php?rest_route=%2Fwp%2Fv2%2Fmedia&parent=1665"}],"curies":[{"name":"wp","href":"https:\/\/api.w.org\/{rel}","templated":true}]}}