{"id":1691,"date":"2026-01-24T18:24:08","date_gmt":"2026-01-24T17:24:08","guid":{"rendered":"https:\/\/www.sfm-nieder-olm.de\/?page_id=1691"},"modified":"2026-01-24T18:46:46","modified_gmt":"2026-01-24T17:46:46","slug":"trainingswohnung","status":"publish","type":"page","link":"https:\/\/www.sfm-nieder-olm.de\/?page_id=1691","title":{"rendered":"Trainingswohnung"},"content":{"rendered":"\n<p>In einer separaten Trainingswohnung k\u00f6nnen die Sch\u00fcler die selbstst\u00e4ndige Haushaltsf\u00fchrung \u00fcben. Unterricht im Fach Hauswirtschaft \u2013 in Theorie und Praxis &#8211; findet in unserer Lehrk\u00fcche statt (mit rollstuhlgerechter Ausstattung).<\/p>\n\n\n\n<div class=\"wp-block-columns is-layout-flex wp-container-core-columns-is-layout-9d6595d7 wp-block-columns-is-layout-flex\">\n<div class=\"wp-block-column is-layout-flow wp-block-column-is-layout-flow\">\n<figure class=\"wp-block-image size-full\"><img loading=\"lazy\" decoding=\"async\" width=\"269\" height=\"204\" src=\"https:\/\/www.sfm-nieder-olm.de\/wp-content\/uploads\/2026\/01\/trainingswohnung_01.png\" alt=\"\" class=\"wp-image-1692\"\/><\/figure>\n<\/div>\n\n\n\n<div class=\"wp-block-column is-layout-flow wp-block-column-is-layout-flow\">\n<p>Das Thema Wohnen, Haushalt und Selbstversorgung wird in allen Lehrpl\u00e4nen in unterschiedlicher Form aufgezeigt. Im Rahmen des \u00dcbergangs Schule-Beruf sollen die Sch\u00fclerinnen <\/p>\n<\/div>\n\n\n\n<div class=\"wp-block-column is-layout-flow wp-block-column-is-layout-flow\">\n<p>und Sch\u00fcler nicht nur eine Perspektive f\u00fcr eine berufliche Bildung, sondern auch verschiedene Wohnformen kennen lernen und Kompetenzen im Bereich Wohnen erwerben.<\/p>\n<\/div>\n<\/div>\n\n\n\n<div class=\"wp-block-columns is-layout-flex wp-container-core-columns-is-layout-9d6595d7 wp-block-columns-is-layout-flex\">\n<div class=\"wp-block-column is-layout-flow wp-block-column-is-layout-flow\">\n<p>Die Trainingswohnung bietet den Jugendlichen der Abschlussklassen die M\u00f6glichkeit, dass eigenst\u00e4ndige Wohnen in einer p\u00e4dagogisch-strukturierten Atmosph\u00e4re zu \u00fcben.<\/p>\n\n\n\n<ul class=\"wp-block-list\">\n<li>Selbstversorgung<\/li>\n\n\n\n<li>Reinigen und Ordnung<\/li>\n\n\n\n<li>Nahrungszubereitung<\/li>\n\n\n\n<li>Haushaltsf\u00fchrung<\/li>\n\n\n\n<li>Freizeitgestaltung<\/li>\n<\/ul>\n<\/div>\n\n\n\n<div class=\"wp-block-column is-layout-flow wp-block-column-is-layout-flow\">\n<p>Unter Anleitung der Lehrkr\u00e4fte werden die Sch\u00fclerinnen und Sch\u00fcler so auf ein selbstst\u00e4ndiges Leben und Wohnen praxisnah vorbereitet.<\/p>\n<\/div>\n\n\n\n<div class=\"wp-block-column is-layout-flow wp-block-column-is-layout-flow\">\n<figure class=\"wp-block-image size-full is-resized\"><img loading=\"lazy\" decoding=\"async\" width=\"161\" height=\"219\" src=\"https:\/\/www.sfm-nieder-olm.de\/wp-content\/uploads\/2026\/01\/trainingswohnung_02.png\" alt=\"\" class=\"wp-image-1693\" style=\"width:261px;height:auto\"\/><\/figure>\n<\/div>\n<\/div>\n\n\n\n<p><a href=\"https:\/\/web.archive.org\/web\/20211201070917\/https:\/\/sfm-nieder-olm.de\/images\/IMG_0929.JPG\" target=\"_blank\" rel=\"noreferrer noopener\"><\/a><\/p>\n\n\n\n<p><br><\/p>\n","protected":false},"excerpt":{"rendered":"<p>In einer separaten Trainingswohnung k\u00f6nnen die Sch\u00fcler die selbstst\u00e4ndige Haushaltsf\u00fchrung \u00fcben. Unterricht im Fach Hauswirtschaft \u2013 in Theorie und Praxis &#8211; findet in unserer Lehrk\u00fcche statt (mit rollstuhlgerechter Ausstattung). Das &#8230;<\/p>\n","protected":false},"author":2,"featured_media":0,"parent":1683,"menu_order":0,"comment_status":"closed","ping_status":"closed","template":"template-fullwidth.php","meta":{"footnotes":""},"class_list":["post-1691","page","type-page","status-publish","hentry"],"_links":{"self":[{"href":"https:\/\/www.sfm-nieder-olm.de\/index.php?rest_route=\/wp\/v2\/pages\/1691","targetHints":{"allow":["GET"]}}],"collection":[{"href":"https:\/\/www.sfm-nieder-olm.de\/index.php?rest_route=\/wp\/v2\/pages"}],"about":[{"href":"https:\/\/www.sfm-nieder-olm.de\/index.php?rest_route=\/wp\/v2\/types\/page"}],"author":[{"embeddable":true,"href":"https:\/\/www.sfm-nieder-olm.de\/index.php?rest_route=\/wp\/v2\/users\/2"}],"replies":[{"embeddable":true,"href":"https:\/\/www.sfm-nieder-olm.de\/index.php?rest_route=%2Fwp%2Fv2%2Fcomments&post=1691"}],"version-history":[{"count":3,"href":"https:\/\/www.sfm-nieder-olm.de\/index.php?rest_route=\/wp\/v2\/pages\/1691\/revisions"}],"predecessor-version":[{"id":1707,"href":"https:\/\/www.sfm-nieder-olm.de\/index.php?rest_route=\/wp\/v2\/pages\/1691\/revisions\/1707"}],"up":[{"embeddable":true,"href":"https:\/\/www.sfm-nieder-olm.de\/index.php?rest_route=\/wp\/v2\/pages\/1683"}],"wp:attachment":[{"href":"https:\/\/www.sfm-nieder-olm.de\/index.php?rest_route=%2Fwp%2Fv2%2Fmedia&parent=1691"}],"curies":[{"name":"wp","href":"https:\/\/api.w.org\/{rel}","templated":true}]}}